)/(-228) + (2/6 - -1). What is the greatest common divisor of 22 and y?
22
Let b(o) = 39*o**2 + 4*o - 8. Let q be b(-2). Calculate the greatest common factor of q and 300.
20
Let p = -143 - -168. Calculate the greatest common factor of 775 and p.
25
Suppose 2*s + 17 = 3*s. Suppose -8*i - 14*i + 1496 = 0. Calculate the highest common divisor of s and i.
17
Let c be -28 - -181 - 1*(-3)/(-1). What is the highest common divisor of 6 and c?
6
Let u(f) = -29*f - 31. Let y be ((-2)/8)/((-5)/(-40)). Let q be u(y). Calculate the greatest common factor of 243 and q.
27
Let l be ((-1)/2)/((-4)/448). Let t be ((-522)/(-609))/(6/56). Calculate the greatest common factor of t and l.
8
Suppose 3*f + 15*a = 16*a + 1244, 4*f - a - 1660 = 0. Calculate the greatest common divisor of f and 468.
52
Let j(d) = -3*d + 5. Let f be j(-2). Let i = 48 - f. Let v = -31 + i. Calculate the highest common divisor of v and 18.
6
Let m(o) = -197*o - 2. Let f be m(-2). Let a(y) = -6*y + 38. Let h be a(-3). Calculate the greatest common factor of h and f.
56
Let m = 6 - 7. Let j(p) = -7*p**3 + p. Let l be j(m). Let x(o) = o - 10. Let y be x(22). Calculate the highest common divisor of l and y.
6
Let h be (9/(-6))/(12/(-880)). Let u = 5 + 5. Calculate the highest common factor of h and u.
10
Let u be ((-12)/10)/((-54)/135). Suppose u*j + 77 = 14*j. What is the highest common factor of j and 56?
7
Let v = 64 + -62. Suppose 5*i - 17 = i - l, 4*i - v = 2*l. What is the greatest common factor of i and 1?
1
Suppose -4*a - 1336 = -5*h, 9*h - 13*h = -5*a - 1076. What is the greatest common divisor of 30 and h?
6
Suppose 5*w = 81 + 54. Suppose -43 = -3*s - 7. Let r = s - 3. What is the highest common divisor of w and r?
9
Let i(c) = -8*c + 1. Let a be i(-1). Suppose -q = -4*q + 432. Suppose 3*o - q = -o. Calculate the greatest common divisor of o and a.
9
Let n = 86 + -49. Let h be 1*(2 + -3) - -2*204. Calculate the highest common divisor of h and n.
37
Let g = 443 + -426. What is the highest common factor of g and 544?
17
Let t(s) = 14*s**2 + 14*s - 7. Let q be t(2). Calculate the highest common factor of 33 and q.
11
Let f = 819 - 801. What is the greatest common divisor of 8 and f?
2
Let d be ((-16)/20)/(2/(-340)). Suppose 5 = -p + 22. What is the highest common divisor of d and p?
17
Let g = -472 + 840. What is the greatest common divisor of g and 23?
23
Let v be -2*145/(-10) - (12 - 16). Calculate the highest common divisor of v and 176.
11
Let h(s) = 8*s**2 - 9*s + 9. Let y be h(5). Let l = y + -133. What is the greatest common factor of l and 248?
31
Suppose -5*x + s + 2*s + 544 = 0, 0 = -5*x - s + 552. Let q(l) = 1 + 1 + l - 4 + l. Let o be q(6). What is the greatest common factor of o and x?
10
Let p(h) = 2*h**3 + 78*h**2 - 2*h + 84. Let g be p(-39). Calculate the greatest common divisor of g and 81.
81
Let o be 10/14 + -1 - (-1391)/91. Let u(g) = -g**3 + 16*g**2 - 15*g + 8. Let l be u(o). Suppose 261 = 4*b - 27. What is the greatest common divisor of l and b?
8
Suppose -6*a + 339 = -459. Let o = a - 88. What is the greatest common divisor of o and 5?
5
Let c = -190 + 298. What is the highest common divisor of c and 90?
18
Let k = -3 - -2. Let t be (-5 + 0)*(k + -1). Suppose -2*x - 7*m + 40 = -2*m, -x = -6*m - 54. Calculate the highest common factor of x and t.
10
Let r(f) = 4*f**2 + 19*f - 28. Let i be r(-10). What is the highest common factor of i and 39?
13
Suppose 4*o + 4*l = 268, 3*o + 27*l = 30*l + 189. What is the greatest common factor of 143 and o?
13
Suppose -210 + 958 = 68*d. What is the greatest common factor of 11 and d?
11
Let u = -154 + 505. Calculate the greatest common factor of u and 13.
13
Suppose 3*d = -0*d - 5*l + 26, d + 2*l = 9. What is the highest common divisor of 7 and d?
7
Let s = -172 - -184. Calculate the highest common factor of s and 108.
12
Let a be ((-12)/54)/(6/(-27)). Let c be 2 - 5 - (-1)/a. Let k be (-241)/c + 1/(-2). Calculate the highest common divisor of 15 and k.
15
Suppose 3*c = 4*t - 13, -c - 1 = -4*t - 2*c. Suppose 0 = -3*x - 18, 5*l + 7 = 115*x - 117*x. Calculate the greatest common factor of l and t.
1
Suppose 5*f = 2*o + 10, f = 5*o + 2 - 0. Suppose f = w - 0*w. Suppose -44 = -w*b + 16. What is the greatest common factor of b and 20?
10
Suppose -2*k - 66 = -q, 2*k = 2*q + k - 132. Suppose -90 = -3*d + q. What is the highest common factor of d and 13?
13
Let h be (-2*3)/((-9)/(-6)) + 28. Let i = 35 - h. What is the highest common divisor of 88 and i?
11
Let x(l) = l + 25. Let w be x(-15). What is the highest common divisor of w and 490?
10
Let u be 2 + 0/(1 + -4). Let g = u + 3. Let j = 7 + g. What is the highest common divisor of 4 and j?
4
Let k(s) = 8*s**2 - 29*s - 63. Let i be k(6). Let a = -9 - -26. What is the greatest common divisor of a and i?
17
Let w(j) = 3*j**2 - 37*j + 16. Let f(x) = -x**2 + 12*x - 5. Let u(s) = 7*f(s) + 2*w(s). Let y be u(9). Calculate the greatest common factor of y and 54.
6
Suppose -5*d = -10*d. Suppose -2*q + 107 - 3 = d. Calculate the greatest common divisor of q and 13.
13
Suppose 96 = 5*k - k. Let i be -18*(-11 - 124/(-12)). Calculate the highest common divisor of k and i.
12
Let l(k) be the first derivative of -k**4/4 - 2*k**3 + 3*k**2 + 32. Suppose -h = -2 + 9. Let z be l(h). Calculate the greatest common divisor of 63 and z.
7
Suppose 185 = 2*v - 781. Calculate the highest common divisor of 207 and v.
69
Suppose -5*t - 9 = -2*t. Let m be 26/39 + (-14)/(-6). Let p = m - t. Calculate the greatest common divisor of p and 30.
6
Suppose 668 = 8*w + 196. What is the highest common factor of w and 59?
59
Let i(w) = -w**2 - 18*w + 13. Let h be i(-17). Calculate the greatest common divisor of 135 and h.
15
Let y be ((-5)/2 - -2)/((-2)/56). Suppose -3*w + 48 = -15. Calculate the greatest common divisor of w and y.
7
Suppose -2*l = 2*b - 7*b + 386, 3*l = -4*b + 295. What is the greatest common factor of b and 19?
19
Suppose 2*d - 774 = -2*y, 5*d = -2*y + 687 + 84. What is the highest common divisor of 679 and y?
97
Suppose -21*v + 25*v = 84. Let a = v + 95. Calculate the highest common factor of 29 and a.
29
Suppose -47*h - 39*h + 638 = -57*h. Let c be 1 + (1 - 0/(-1)). What is the greatest common factor of h and c?
2
Let p(b) be the second derivative of -b**3/2 + 9*b**2/2 + 28*b. Let t be p(-5). Calculate the greatest common divisor of 12 and t.
12
Suppose 0 = -2*u - i + 68, -2*u - 3*i = -0*u - 72. Suppose -f = -2*c + 3 - 23, -2*c = 2*f - 46. Calculate the greatest common divisor of f and u.
11
Suppose 5*t + 5*f = -30, -t + f = 3*t + 29. Let c = 19 + t. What is the highest common factor of 12 and c?
12
Suppose 2*h + 14 = 3*d, -5*h - 5*d - 10 = -0*h. Let q(t) = -53*t - 17. Let u be q(h). What is the highest common divisor of u and 78?
39
Suppose -430 = -4*q - v + 1929, q + 2*v = 595. Calculate the highest common factor of q and 38.
19
Suppose 116 + 45 = s. What is the highest common factor of 69 and s?
23
Let c be -7 - -11 - (1 + 0). Suppose -2*m - 3*m - 2*q = -1133, -c*m - 4*q + 691 = 0. Suppose 5*d - m = -85. Calculate the highest common factor of d and 14.
14
Suppose -434 + 108 = -5*m - 4*j, 3*j + 201 = 3*m. Suppose -3*z - 29 = -n, 4*n + 3*z = m + 65. What is the greatest common factor of 24 and n?
8
Let h be 0 - (-455)/10*4. Suppose -6*n = n - h. Calculate the highest common factor of 26 and n.
26
Suppose 0 = 9*l - 10*l + 136. Calculate the greatest common factor of l and 8.
8
Suppose 8 = 4*n + 5*z, -z = -0*n + 4*n + 8. Let b be (2/5)/(n - (-588)/195). What is the greatest common divisor of b and 91?
13
Let t = -8 - -19. Let u = -10 + t. Calculate the highest common divisor of u and 11.
1
Let l = 42 - 27. Let f(d) be the second derivative of -d**5/20 - d**4/3 - 7*d**3/6 + 3*d. Let h be f(-5). Calculate the highest common factor of h and l.
15
Let i = 667 - -363. Calculate the highest common factor of 10 and i.
10
Let o(h) = -h**2 - 11*h - 15. Let z be o(-8). Let n(f) = -4*f**2 + 3*f - 1. Let l be n(2). Let w = 20 + l. What is the highest common divisor of z and w?
9
Suppose 9*k - 894 = 114. Calculate the highest common divisor of 48 and k.
16
Let z be (3432/234)/((8/54)/2). What is the highest common divisor of z and 342?
18
Let o be 2*1/(-4)*(-143 - 5). Calculate the highest common factor of 22